ppose 42 = 7*g - 3*g + 3*t, g - 10 = -t. Let m = s + g. Is m a composite number?
True
Let b(p) = -4 + 2 + 1 + 0 - 66*p. Is b(-2) a prime number?
True
Let w be (-33)/(-5) + (-6)/(-15). Let g = 24 + w. Is g a composite number?
False
Suppose -2 = o - 2*o, 2*o - 6 = -j. Suppose 0 = j*a + 26 - 68. Is a prime?
False
Suppose 4*h = -20, 0 = 2*o + 2*o + 2*h - 126. Suppose -3*i = -3*l - 2*l - 39, -o = -5*i - 2*l. Is i/(-12) - 209/(-3) a prime number?
False
Suppose a - 4*a + 9 = 4*g, 0 = g. Let w(n) = 91*n - 4. Let y(q) = 136*q - 6. Let p(k) = -7*w(k) + 5*y(k). Is p(a) a prime number?
True
Suppose 0 = -2*d + 75 + 35. Is d prime?
False
Suppose -2*n = n. Let g(f) = 14*f**2 - 17*f + 105. Let s(w) = -5*w**2 + 6*w - 35. Let j(z) = 6*g(z) + 17*s(z). Is j(n) composite?
True
Let c(n) = 4*n**2 + 5. Let d be c(-6). Let p = d + -105. Let v = p - -9. Is v a composite number?
False
Suppose 4*r - r = 9. Suppose -r*b = -106 - 179. Is b composite?
True
Is 4/3*(-8115)/(-20) composite?
False
Let r(j) = j**3 + 6*j**2 - 2*j - 6. Let u be r(-6). Let c = u + -1. Suppose -c*h + 5*f + 145 = -475, -4*f = -3*h + 369. Is h a prime number?
True
Suppose 2*a = -0 - 2. Is (-210 + -1)/(-2 - a) a composite number?
False
Let h = 30 + -16. Suppose 2*y + 3*v = -h, -3*y = -5*v + 7 + 14. Let a(n) = -2*n. Is a(y) composite?
True
Suppose 2291 = 5*t + 596. Is t prime?
False
Suppose 26 - 3 = h. Suppose 4*s - 169 - 23 = 0. Let r = s - h. Is r a prime number?
False
Let t(a) = -a**3 - 2*a**2 - 2*a + 1. Let v be t(-2). Suppose -5*y - 5 = 0, 9 + 1 = -5*c - v*y. Is 1*c/2*-62 prime?
True
Let l = -28 - -19. Let i = l + -3. Let b = i - -79. Is b a prime number?
True
Let y = 585 + 1346. Is y a composite number?
False
Suppose 0 = -h + z + 115, -2*z - 2*z - 342 = -3*h. Suppose -491 + h = -v. Is v prime?
True
Let q = -817 + 1812. Is q prime?
False
Let d(z) = z**2 + 1. Is d(9) composite?
True
Suppose -172 = -h + 581. Is h a composite number?
True
Is (-86)/(-8) + (-1)/(-4) a composite number?
False
Let p be -1 + 3 + 1 + 88. Suppose -u = -5*n + 214, 4*u = -4*n + p + 61. Suppose 0 = -5*a - g + 124 + n, -4*g + 4 = 0. Is a a prime number?
False
Let h = -11 - -14. Is 2/h*(-2388)/(-8) a composite number?
False
Suppose 0 = -3*y + 3*g - 3, 2*y - g - 13 = -4*g. Let o = 5 - y. Suppose -l - n = -68, o*n - 273 = -5*l + l. Is l composite?
True
Suppose r + 2*r = -2*n + 122, -5*n + 271 = -r. Let d(u) = -2*u**3 - 1. Let s be d(1). Let v = n - s. Is v a composite number?
True
Let o(l) = -l**3 + 12*l**2 - 10*l - 8. Let i be o(11). Is (37 - (i + -1))/1 prime?
False
Suppose 1 = p - 1. Suppose -b = 2*u - 12, p*b = -1 + 9. Suppose 0 = -4*c - s + 12, c + s + 9 = u*c. Is c a composite number?
False
Let g be -1 + (159*5)/(-3). Is ((-2)/4)/(7/g) a prime number?
True
Let h(d) = -d**3 - 2*d**2 + 4*d - 1. Let r be h(-4). Let b be r/(-20) - 38/(-8). Suppose -b*w = -w - 609. Is w a prime number?
False
Let o = -47 - -106. Let g = -35 + o. Suppose 4*y = 2*l + 82 - g, 3*y - 46 = 4*l. Is y prime?
False
Let v(n) = 543*n + 8. Is v(3) composite?
False
Let z be 40/(-22) + 2/(-11). Let i be (-76)/(-10) - z/5. Is ((-8)/10)/(i/(-260)) composite?
True
Suppose -f = 3*f - 1808. Suppose 8*j = 4*j + f. Is j prime?
True
Let q(f) = 8*f - 348*f**3 - 6*f - 2*f. Let p be q(-1). Suppose 2*g = -4*n + p, -502 + 182 = -4*n + 5*g. Is n composite?
True
Let s be 38/8 - (-5)/20. Suppose 5*j - 403 = -3*c - 158, 2*c = -s*j + 160. Is c a composite number?
True
Let a = -21 + -74. Let w = -12 - a. Is w composite?
False
Let a(x) = 6*x**2 + 5. Let h be a(5). Let y = h + 138. Is y a prime number?
True
Let k(w) be the second derivative of 11*w**4/12 + 11*w**3/6 - 15*w**2/2 + w. Is k(6) a prime number?
False
Let d(m) = -m - 4. Let x be d(-9). Suppose 0 = -x*f + 6 + 164. Is f a prime number?
False
Let d = -9 + -5. Is 3 - (-7)/(d/(-100)) a composite number?
False
Let t be (2 + 22/8)*4. Suppose 5*l - t = 4*l - 2*s, l = -s + 17. Is l prime?
False
Let j(l) = 5*l**3 - 3*l**2 + 4*l - 2. Let o be 0 + 3 + -3 + 2. Is j(o) composite?
True
Suppose 2*j + 2*f - 446 = 0, 5*j + 4*f - 16 - 1099 = 0. Is j a prime number?
True
Let h = -15 + 11. Is 4/16 - 99/h composite?
True
Is (25735/(-10))/((-2)/4) a prime number?
True
Suppose 3*k = 2*k + 239. Is k a composite number?
False
Suppose -17*u + 841 = -16*u. Is u composite?
True
Let d = -321 - -466. Is d prime?
False
Let f(w) = -w**3 + 6*w**2 - 6*w + 6. Let t(g) = -g**3 - 2*g**2 - 3*g - 1. Let k be t(-2). Let n be f(k). Is (-79)/(n - (2 + 0)) composite?
False
Suppose -9*o + 2*o = -343. Is o a prime number?
False
Let r = 7 - 3. Suppose 0*a - 316 = -r*a. Is a composite?
False
Let m = -4 - 1. Is (1 + 4)*(-79)/m a prime number?
True
Let j(b) = -15*b + 25. Is j(-8) prime?
False
Suppose 2*q - 6 = 5*q. Is (46/(-4) + 0)*q prime?
True
Suppose b + 7 = -s - b, -23 = 5*s - 2*b. Let v(h) = 7*h**2 - 8*h - 3. Let a be v(s). Suppose 0 = -2*l - 2*l + a. Is l composite?
False
Let c(y) = y**3 + 20*y**2 + 21*y - 17. Is c(-14) composite?
True
Let x(w) = w**2 + 7*w - 1. Let j be x(-7). Is (j*(-118)/2)/1 a prime number?
True
Suppose -19569 = -6*c - 1653. Is c prime?
False
Let j(z) = 4 + 15*z - z - 3*z + 10*z. Suppose -12 = -5*n + 3. Is j(n) a composite number?
False
Let d = 0 - -2. Is 1*(77 - (-4)/d) prime?
True
Suppose 2*c - 4 = -0*c. Is (8/4)/(c/23) prime?
True
Is 447 - (-1)/(3/6) composite?
False
Suppose -o + 5*z + 235 = 2*o, 441 = 5*o + 4*z. Is o prime?
False
Suppose 0 = -i - 2*i + 6. Let b be -1 - -2 - (130 + -2). Is b/(1/i*-2) a composite number?
False
Let d = -235 - -554. Is d composite?
True
Let t = -10 + 38. Suppose -s - t = -3*s. Is s composite?
True
Let f be -3 - (6/(-1))/(-2). Let p(i) = 3*i**3 + 9*i**2 - 2*i**3 - 1 - 3*i + 10*i. Is p(f) prime?
False
Suppose -4*s + 10 = -10. Suppose s*d = -3*w + 102, 2*d + w - 50 + 9 = 0. Is 981/d + 8/28 prime?
True
Let h(s) = -5*s**3 + 4*s**2 + 7. Is h(-4) a prime number?
False
Let q(c) = -4 - c + 1 + 0. Let g be q(-5). Suppose 3*h = -v - 4*v + 23, 28 = g*h - 3*v. Is h a composite number?
False
Suppose 0*x + 2*q - 150 = -2*x, 5*q = 2*x - 157. Let z = x - 12. Suppose -4*h = -z - 60. Is h prime?
True
Is -5 - -3 - (-4 - 109) a prime number?
False
Suppose 0*l = -2*y - 5*l + 467, 0 = 3*l - 3. Let v = y - 98. Is v prime?
False
Suppose 0 = -2*l - 2 + 100. Is l composite?
True
Is 206/4*(-13 - -15) a prime number?
True
Let g be (-4)/(-2) - 1 - 1. Suppose g = -x - x - 94. Let t = -13 - x. Is t a prime number?
False
Suppose -3*s + 61 = 4*h, 0 = -2*s + 4*h - h + 18. Let a = s - -87. Suppose -a + 19 = -n. Is n composite?
False
Suppose -37 = 5*s + 23. Let m be (-4)/s - (-2)/(-6). Suppose 0 = -3*f - 15, q + 4*q - f - 180 = m. Is q prime?
False
Let l(q) = q + 1. Let r be l(6). Let z(o) = -44*o**3 + o**2 + 2*o + 1. Let b be z(-1). Let i = b + r. Is i a prime number?
False
Let h be 32/12 + 2/6. Let x = 5 - h. Suppose g - 3 = x*f, -g + 5*g + 4*f = 60. Is g composite?
False
Suppose 0 = -3*g + 6 + 6. Suppose 5*s - r - 1511 + 258 = 0, -g = -2*r. Is s a composite number?
False
Suppose 5152 = c - 5*p, 3*p = -3*c - 2*p + 15436. Is c a prime number?
True
Let j(r) = r**3 - 7*r**2 - 10*r + 23. Is j(10) a composite number?
False
Let y(q) = 2*q**3 + 5*q**2 + 2*q + 1. Let h be y(-3). Let b be 4/h + 243/(-7). Is (-2 + 1)*(0 + b) prime?
False
Suppose -2*h + 4*h - 10 = 0. Let u be 2/4 + 549/6. Suppose -i + 5*i = -h*m + 363, -m + u = i. Is i a composite number?
False
Suppose 12*g - 12 = 8*g. Is (g + -113)/(-3 - -1) a prime number?
False
Suppose -6*n + 2*n + 260 = 0. Let x = 14 + n. Is x prime?
True
Let m be 3 - (3 - (-3)/(-3)). Let i(q) = 2 - q + m + 2*q + 3. Is i(7) prime?
True
Suppose 7 = 2*g + 1. Suppose v = -v + 8. Suppose v*m + 10*f - 137 = 5*f, -g*f = -3. Is m composite?
True
Let k(i) = 36*i**2 + 1. Suppose -p = -3*p + 2. Is k(p) a composite number?
False
Suppose 4*v - 20 = -v. Suppose 3*g = -v*z - 19, 2*g + z = g - 8. Let a = -6 - g. Is a prime?
True
Suppose -4*y = -h - y - 34, -2*h - 59 = -3*y. Let z = h + 18. Let i = -4 - z. Is i prime?
True
Let c(s) = s**2 - s. Let v be (-3)/(-12)*-2*-22. Let p = v - 8. Is c(p) composite?
True
Let t(y) = -y + 1. Let d(w) = -4*w + 3. Let z(b) = d(b) - 5*t(b). Let s be z(4). Suppose -5*x = -x + 20, -4*x = s*v - 74. Is v prime?
True
Let i = 132 - 45. Is i a composite number?
True
Suppose 175 = -2*x + 3*p, 2*p = 7*x -